*g = -33 - 122. Is g a composite number?
False
Let n(u) = 5*u**2 + 8*u - 18. Let b(w) = -9*w**2 - 15*w + 35. Let g(z) = 6*b(z) + 11*n(z). Is g(11) prime?
False
Let i(q) = 0 - 7*q**2 - 4*q - 2 + 0. Let k be i(-2). Let j = k + 31. Is j a prime number?
False
Suppose r - 4*b - 2115 = 0, 0 = 5*r + 2*b - 3279 - 7230. Is r a composite number?
True
Let r = 13 + -9. Suppose r*h - 4 = 4. Suppose -2*v + h = -0*v, -3*y - 3*v + 60 = 0. Is y a prime number?
True
Let f(d) = -d**2 - 4*d + 3. Let k be f(-4). Suppose -56 = -3*t - 2. Is t/12*178/k prime?
True
Is 1*-2 + (0 - -3549) a prime number?
True
Let d(j) = -j**3 - 6*j**2 - 2*j - 3. Let c be d(-6). Suppose 318 = 11*n - c*n. Is n composite?
True
Suppose k + 4*q - 12 = 0, 3*q = -k + 5 + 5. Is (1 + (-2)/k)*166 composite?
False
Let u(h) = -4*h**3 - 4*h**2 - 7*h - 9. Is u(-4) a composite number?
False
Let o = -165 + 172. Is o composite?
False
Let z(d) = 14*d**2 - d - 16. Is z(-7) a prime number?
True
Let p = -2 + 2. Suppose f - 4 = -p*f. Suppose -4*d + 151 + 1 = -f*a, -189 = -5*d + 4*a. Is d a prime number?
True
Suppose -65 = -4*u + 179. Let m(r) = 17*r**3 + 2*r**2 + u*r**3 - 2*r**2 + 1. Is m(1) prime?
True
Let f = 58 + -20. Is f a composite number?
True
Let w(s) = 357*s + 38. Is w(9) a prime number?
True
Is 628/(-10)*40/(-16) prime?
True
Let w = 3941 + -2625. Suppose -3*u + 14 + 973 = s, 3*s - w = -4*u. Is u a prime number?
False
Let q(o) = -1. Let l(h) = -5*h**2 - h - 3. Let c(b) = l(b) - 3*q(b). Let r be c(-1). Is 1/(-2) - 1038/r a prime number?
False
Let r(w) = w**2 - 7*w + 5. Suppose 5*h - 20 = 5. Let b be r(h). Let m = b - -15. Is m composite?
True
Suppose -2*s + 925 = 3*s. Is s prime?
False
Let b = -5 - -10. Let t = b - 3. Suppose 0 = 3*d - t*d - 22. Is d composite?
True
Suppose 694 = 4*k + 2*l, 2*k = 3*k + 3*l - 176. Let y = 17 - 15. Suppose 0 = 5*c + t - 1177, -5*t - 287 = -y*c + k. Is c a prime number?
False
Suppose 10*z - 17625 = 6965. Is z a prime number?
True
Let w = 5 + -2. Let c(j) = j + 1. Let g be c(w). Suppose 2*o - g*n - 126 = 0, 5*n = -7*o + 2*o + 360. Is o a prime number?
False
Suppose 3*w - 2*a + 63 - 172 = 0, 0 = 4*w + 3*a - 168. Let b(i) = -i**3 + 14*i**2 - 2*i - 8. Let q be b(13). Suppose q = 3*h - w. Is h a composite number?
True
Let c(p) = 4*p**2 - 18*p + 12. Let d be c(-16). Suppose d = 9*y - 5*y. Is y prime?
True
Let h(q) be the second derivative of -q**4/12 + 7*q**3/6 + 3*q**2 + 2*q. Let x be h(8). Is 59*(1 - (x - -2)) prime?
True
Suppose -a = -5*g + 638, a = -4*g - a + 502. Is g a composite number?
False
Let b(w) = -w**3 + w**2 + w - 2. Let h(k) = 9*k - k**3 - 11*k**2 - 5*k + 8*k + 9 + k. Let u be h(-12). Is b(u) composite?
False
Suppose -5*t - 2*w = -795, 3*t + w - 156 = 2*t. Is t prime?
False
Let g = -6 + 8. Let v(s) = 5*s**3 - 2*s**2 + 1. Is v(g) a composite number?
True
Is 28/126 + 799/9 a composite number?
False
Suppose 6*l + 422 - 23492 = 0. Is l prime?
False
Let y = -11 + 19. Let z = 11 - y. Suppose z*p - 19 = -1. Is p composite?
True
Let g be ((-1)/2 + 0)*-6. Suppose g*p - 375 = -18. Is p prime?
False
Let k be (-214)/(-14) - 4/14. Let g = -3 + -1. Let s = g + k. Is s prime?
True
Let r be (6/(-4))/((-9)/264). Suppose -5*y + r = -51. Is y a composite number?
False
Suppose 5*b + 2 - 27 = 0. Suppose -3*f + 7 = -b. Suppose 2 = p + k, -k - 8 = -f*p - 6*k. Is p a prime number?
True
Let p(o) = 14*o - 1. Is p(22) a composite number?
False
Suppose 19 + 1 = -5*k. Is (2/k)/((-3)/12) composite?
False
Suppose l + 2*h + 2 = 0, 2*l + 1 = h - 2*h. Suppose -4*v = -l*v - 844. Is v a composite number?
False
Let d(r) = 2*r - 4. Let t be d(4). Suppose -3*a - 2*a - 20 = 0, 0 = 5*c - t*a - 181. Is c composite?
True
Suppose -9*s + 7*s = -2692. Is s composite?
True
Let s(t) = t**2 + 6*t - 1. Let z be s(10). Suppose h - z = -2*h. Is h prime?
True
Suppose 246 = 4*v - 1326. Is v a composite number?
True
Let a = 899 + 278. Is a prime?
False
Suppose -15 + 0 = 5*g. Is 56 - g/(-4)*4 a composite number?
False
Suppose -2*m = m + 372. Suppose -s - 3*s - 865 = 5*z, -3*s = -3*z + 642. Let r = m - s. Is r composite?
True
Let m = 113 - -8. Is m prime?
False
Is (-9)/27 - 7148/(-6) composite?
True
Let y = 241 - -12. Is y composite?
True
Suppose -10624 - 8594 = -6*z. Is z composite?
False
Suppose 7*u - 5494 = 4033. Is u a composite number?
False
Suppose -3*y + y + 588 = 0. Let f(z) = -7*z + 39. Let l be f(-16). Let c = y - l. Is c a composite number?
True
Suppose -4*z = -0*z - 48. Let q = 35 - z. Is q a composite number?
False
Let n be (-21)/4 + (-6)/8. Let h be (-10)/(-3)*n/(-4). Suppose 3*o + 0*k = 3*k + 153, h*o = -2*k + 269. Is o prime?
True
Let g = -47 - -33. Let z = g + 48. Is z prime?
False
Let r(x) be the first derivative of -x**4/4 - 2*x**3/3 - x**2/2 + 5*x + 1. Is r(-5) prime?
False
Let m = -2 + 4. Suppose 96 = 2*k - 2*y, m*k - 6*k + 3*y + 193 = 0. Is k composite?
True
Let w(s) = -2*s - 2. Let l be w(-2). Let m(a) = 27*a. Let n be m(l). Is (-4)/18 + 16590/n composite?
False
Let g be (-12)/42 + (-121)/(-7). Let o = 5 + -3. Suppose -g - 9 = -o*p. Is p a composite number?
False
Let y be 4/(-10)*(-15)/6. Is (-13)/(-2) - y/(-2) composite?
False
Let d = 3 + -11. Let o = 29 - d. Suppose -2*y = -y - o. Is y prime?
True
Suppose 0 = 5*q - 0 - 5, 0 = 2*v - 2*q. Let d(c) = 112*c + 1. Is d(v) prime?
True
Suppose 0 = -m - 3*m + 4. Suppose -f + 5 = 2*n, -4*f - m + 0 = n. Suppose 0 = -5*u + 3*w + 75 - 25, -n*w + 54 = 3*u. Is u a composite number?
False
Let i = 12 + -6. Is (29/(-1))/(i/(-18)) composite?
True
Let y(r) = -r**2 - r + 12. Let s(o) = -1. Let n(j) = s(j) + y(j). Suppose -3*q = q. Is n(q) a composite number?
False
Let w = 10 - -153. Is w composite?
False
Let j(x) = x + 1 + 0 + 0 - x**3 - 3*x**2. Suppose -10 + 30 = -5*a. Is j(a) a prime number?
True
Let d = 1201 - 503. Is d a prime number?
False
Suppose -m - 4*m - 19 = -w, -2*w + m + 38 = 0. Suppose 17*b + 164 = w*b. Is b prime?
False
Let m(r) be the third derivative of r**6/120 - r**5/20 - 5*r**4/24 - r**3 - r**2. Is m(7) a composite number?
True
Suppose -5*f - 23 = -268. Is f composite?
True
Suppose -2*k = 3*t - 12, -2*k - 20 = k - 5*t. Suppose k = -w - 3*n + 3, 4*w + 3*n - 16 = -4. Suppose w*a = -0*a + 195. Is a a prime number?
False
Let b = 7 - 2. Suppose 2*l = 3*p - 2*p - 83, -b*p + 457 = 4*l. Let s = p - -56. Is s prime?
False
Suppose -65 = -s - 4*s. Suppose 2*g = -h + s, 4*h + 7*g = 3*g + 56. Is h a composite number?
True
Suppose -3*d + 216 = -213. Is d a composite number?
True
Suppose -2*y + 2 = -2*o, -o = 4*y - 2*o - 16. Suppose -2*u + y*p = -188, 0 = 2*u + 5*p + 13 - 181. Is u prime?
True
Let q(n) = -n**2 + n. Let h(o) = -o**3 + 11*o**2 + o + 8. Let i(l) = h(l) + 6*q(l). Suppose -5*t = -35 + 5. Is i(t) a prime number?
False
Let p = 15 - -8. Is p a composite number?
False
Suppose -3*f = -5*t + 443, -4*t + 4*f + 360 = 3*f. Is t composite?
True
Let t(b) = b + 5. Let p be t(-8). Is 86 - (-5 - (p - -1)) a prime number?
True
Let j = -241 + 366. Suppose 148 = 7*r - 2*r + 2*d, 0 = -r - 5*d + 25. Suppose 5*c - j = -r. Is c prime?
True
Suppose -q + 4 = 5, -5*q + 46 = 3*j. Let s = j + 20. Is s prime?
True
Let n = 12 - 7. Suppose 0*g - 465 = 4*r - n*g, g = 4*r + 477. Let k = -67 - r. Is k composite?
False
Suppose 3*x = 0, 5*j + 7*x - 3*x - 1705 = 0. Is j a prime number?
False
Let i = 79 - 42. Is i a prime number?
True
Let q = -5 + 8. Suppose -q = -2*v + 1. Is (-201)/(-5 - -2) - v a prime number?
False
Let k be 1 - (0 + -1 + -77). Let y = -2 + k. Is y a composite number?
True
Let t(r) = 2*r**2 + 5*r - 13. Let d be t(-6). Let i = 106 - d. Is i a composite number?
True
Let g = 8 - -123. Is g a prime number?
True
Let l(s) = 182*s**2 - 6*s - 9. Is l(-4) prime?
True
Let p(f) = -f + 2. Let g be p(-10). Suppose g = -r - r. Let s(l) = l**3 + 12*l**2 + 4*l - 1. Is s(r) composite?
False
Suppose -636 = 8*z - 12*z. Is z a composite number?
True
Let p(f) = f**3 - 4*f**2 - 3*f + 5. Let n be p(7). Let s = n + -84. Is s composite?
False
Suppose -5*t = -2*t. Suppose -n + 173 - 67 = t. Is n a composite number?
True
Is 7 + -5 - (0 - 183) composite?
True
Let s(k) be the third derivative of -k**6/120 + 7*k**5/60 + 5*k**4/12 - 5*k**3/6 - 4*k**2. Is s(7) a composite number?
True
Let f(j) = j**2 - 9*j - 7. Let s be f(10). Suppose 2*z + 5*a - 36 = 0, z - s = 3*a + 2*a. Is z composite?
F